45 a multiple of 5?
True
Is 142328503 a multiple of 15?
False
Is 2778080 a multiple of 358?
True
Is 3780 a factor of 33496085?
False
Does 6359 divide 701937154?
False
Is 2974415182 a multiple of 298?
True
Is 215 a factor of 1584091405?
True
Is 674 a factor of 188528571?
False
Does 13 divide 30994436?
False
Is 9427003 even?
False
Is 43404897 a multiple of 1449?
False
Is 65 a factor of 22559550?
True
Is 165 a factor of 300771890?
False
Does 81 divide 294028850?
False
Is 458 a factor of 22588102?
True
Does 534 divide 4494805?
False
Is 70 a factor of 146713490?
True
Is 22716447 a multiple of 13?
True
Is 76742392 a multiple of 77?
False
Does 16 divide 15859152?
True
Does 503 divide 774586614?
False
Does 120 divide 4624998896?
False
Is 123 a factor of 411108809?
False
Is 25260537 a multiple of 34?
False
Is 554253487 a multiple of 34?
False
Is 511 a factor of 2598867095?
False
Is 394 a factor of 35753160?
False
Is 191779881 a multiple of 47?
True
Is 19 a factor of 615467?
True
Is 411 a factor of 485332125?
False
Is 8 a factor of 3511832172?
False
Is 110 a factor of 9213653?
False
Is 148022 a multiple of 6?
False
Does 69 divide 1538982923?
False
Is 321 a factor of 123962175?
True
Is 2390 a factor of 3615670870?
True
Is 183 a factor of 13316544?
True
Is 2897488522 a multiple of 4261?
True
Is 127405091 a multiple of 29?
True
Does 144 divide 20932434?
False
Is 3400160 a multiple of 32?
True
Is 127042107 a multiple of 463?
True
Is 574 a factor of 385663712?
True
Is 402537720 a multiple of 26?
True
Is 101389526 a multiple of 14?
True
Is 266321306 a multiple of 1509?
False
Is 119 a factor of 1474042648?
False
Is 55109162 a multiple of 2?
True
Is 719462213 a multiple of 507?
False
Is 196117200 a multiple of 76?
False
Is 31425198 a multiple of 4?
False
Does 52 divide 18414398?
False
Is 374249304 a multiple of 12?
True
Does 3339 divide 472120248?
False
Does 156 divide 11868948?
True
Does 5 divide 40069?
False
Does 10 divide 29371812?
False
Is 1268524830 a multiple of 127?
False
Is 1922702 a multiple of 2?
True
Is 154 a factor of 167390126?
False
Is 27 a factor of 131597809?
False
Is 43 a factor of 35016491?
True
Does 450 divide 923310472?
False
Is 3 a factor of 79137238?
False
Is 221951340 a multiple of 351?
True
Is 3777257068 a multiple of 52?
True
Does 1090 divide 6114859?
False
Does 9 divide 176597325?
True
Is 1618 a factor of 15335038?
False
Is 57748997 a multiple of 114?
False
Does 403 divide 35707815?
True
Is 2770 a factor of 12913955?
False
Is 55 a factor of 38837150?
True
Is 37773677 a multiple of 32?
False
Does 3 divide 4125420?
True
Is 41 a factor of 3612576?
False
Does 53 divide 4878888228?
False
Is 33893068 a multiple of 484?
True
Does 29 divide 1716558888?
False
Is 101 a factor of 1090332?
False
Is 22 a factor of 114873506?
True
Is 13 a factor of 1131257673?
True
Is 978 a factor of 79605288?
True
Does 89 divide 1039464464?
True
Does 2 divide 11253779?
False
Does 416 divide 134531141?
False
Is 2689105620 a multiple of 580?
True
Is 38570925 a multiple of 5?
True
Is 496880990 a multiple of 122?
True
Is 3302988 a multiple of 124?
True
Is 291 a factor of 5770651?
False
Is 80 a factor of 750362208?
False
Does 170 divide 1692364961?
False
Does 16 divide 655428869?
False
Is 6220 a factor of 143764719?
False
Is 97018025 a multiple of 1495?
True
Is 139 a factor of 94062551?
True
Is 195 a factor of 195188409?
False
Is 25 a factor of 50696000?
True
Does 1509 divide 88546611?
True
Is 471493544 a multiple of 80?
False
Does 64 divide 393626895?
False
Does 317 divide 28445044?
True
Is 9 a factor of 93410524?
False
Does 247 divide 27212810?
False
Is 14440231 a multiple of 63?
False
Is 211578357 a multiple of 57?
True
Is 1655 a factor of 17691432?
False
Does 11 divide 186075901?
True
Does 621 divide 35405999?
False
Is 103 a factor of 2501388?
False
Is 1014595127 a multiple of 5551?
True
Is 81 a factor of 149928372?
False
Is 137492487 a multiple of 1754?
False
Is 88660975 a multiple of 1885?
True
Is 840035507 a multiple of 1994?
False
Is 2 a factor of 40994074?
True
Is 353492987 a multiple of 18?
False
Is 1462405960 a multiple of 38?
False
Is 83174144 a multiple of 1138?
True
Is 7 a factor of 185689?
True
Is 174 a factor of 19225260?
True
Is 2 a factor of 48870799?
False
Does 1819 divide 9189588?
True
Does 416 divide 14844859?
False
Does 14 divide 245720288?
False
Is 120636516 a multiple of 1162?
True
Is 112 a factor of 6516739600?
True
Is 26 a factor of 186267887?
False
Is 103372846 a multiple of 12?
False
Is 11729 a factor of 2533780683?
True
Is 129 a factor of 16105134?
True
Is 72017771 a multiple of 5339?
True
Is 177687468 a multiple of 14?
True
Is 116329307 a multiple of 12?
False
Does 16 divide 130151520?
True
Is 46 a factor of 6383144?
True
Is 7760200 a multiple of 200?
True
Is 5719276 a multiple of 557?
True
Does 350 divide 185049200?
True
Does 17 divide 29189153?
True
Is 449 a factor of 70899794?
True
Is 52000027 a multiple of 36?
False
Is 43026330 a multiple of 12?
False
Is 838 a factor of 60445295?
False
Does 111 divide 61891269?
True
Is 3235962 a multiple of 13?
False
Does 12 divide 954442439?
False
Is 5752 a factor of 421290466?
False
Does 175 divide 139839875?
True
Is 5982315 a multiple of 17?
False
Does 1476 divide 7137003669?
False
Is 11860243 a multiple of 55?
False
Is 98 a factor of 614746709?
False
Is 48 a factor of 143838965?
False
Is 24935940 a multiple of 170?
True
Is 46 a factor of 639697766?
False
Does 212 divide 4321121800?
True
Does 103 divide 168374604?
False
Is 53293066 a multiple of 73?
True
Is 533320335 a multiple of 5235?
False
Is 8 a factor of 24359944?
True
Does 25 divide 11353576?
False
Does 67 divide 6355285?
True
Is 1703 a factor of 40325337?
True
Does 644 divide 48248353?
False
Is 29642985 a multiple of 85?
True
Does 4 divide 23788475?
False
Does 21 divide 291536809?
False
Is 731 a factor of 2458947303?
True
Is 418 a factor of 960407544?
False
Is 127730749 a multiple of 4009?
True
Is 151913076 a multiple of 14?
True
Is 3074126 a multiple of 3?
False
Is 59101557 a multiple of 107?
True
Is 36289839 a multiple of 10?
False
Is 21 a factor of 15753259?
False
Is 1132988032 a multiple of 44?
True
Does 10 divide 66409989?
False
Is 117 a factor of 225442854?
True
Is 2100 a factor of 795032700?
True
Is 9 a factor of 21182517?
True
Is 1548 a factor of 444621204?
True
Does 305 divide 17660415?
True
Does 125 divide 389463023?
False
Is 142322000 a multiple of 2000?
True
Does 1774 divide 16572708?
True
Is 237 a factor of 60283083?
True
Is 4319131 a multiple of 2?
False
Does 109 divide 22437512?
False
Is 37460880 a multiple of 20?
True
Is 45482828 a multiple of 31?
True
Is 14037374 a multiple of 13?
True
Does 14 divide 3958019002?
True
Does 161 divide 643821773?
True
Is 249 a factor of 27507279?
True
Is 149 a factor of 110814689?
False
Is 2158088499 a multiple of 156?
False
Does 3777 divide 4689640287?
True
Is 3631 a factor of 281864741?
False
Does 158 divide 62519728?
False
Is 151 a factor of 284109939?
False
Is 717 a factor of 10808775?
True
Is 21059475 a multiple of 925?
True
Does 284 divide 1794990192?
True
Does 19 divide 711704490?
False
Is 2072 a factor of 10586173?
False
Is 33 a factor of 3893108201?
False
Is 559030628 a multiple of 52?
True
Does 4099 divide 2156217465?
True
Does 1823 divide 105967344?
True
Is 1191 a factor of 49298415?
False
Is 26 a factor of 55530878?
True
Is 54 a factor of 6313734?
True
Does 494 divide 18051748?
True
Does 918 divide 574154834?
False
Is 21 a factor of 243122646?
False
Does 31 divide 225694896?
False
Is 198278820 a multiple of 2295?
True
Is 142 a factor of 293110436?
True
Is 346704512 a multiple of 64?
True
Does 98 divide 52141782?
True
Is 68674428 a multiple of 113?
False
Is 21089840 a multiple of 235?
True
Does 77 divide 33766887?
True
Is 2104909920 a multiple of 72?
True
Does 344 divide 132398376?
True
Does 8 divide 1351571128?
True
Is 5149 a factor of 1497669034?
True
Does 50 divide 740200?
True
Is 228 a factor of 181561872?
True
Is 31217101 a multiple of 48?
False
Does 524 divide 41376079?
False
Is 4870606 a multiple of 307?
False
Is 106 a factor of 11495936?
False
Does 2607 divide 2839012572?
True
Is 1039 a factor of 16278013?
True
Does 443 divide 132403862?
False
Does 2749 divide 442624737?
T